{"id":5100,"date":"2025-10-16T00:12:18","date_gmt":"2025-10-16T00:12:18","guid":{"rendered":"https:\/\/orallagos.pt\/modes-alternatifs-de-resolution-des-litiges\/"},"modified":"2025-11-05T14:36:41","modified_gmt":"2025-11-05T14:36:41","slug":"modes-alternatifs-de-resolution-des-litiges","status":"publish","type":"page","link":"https:\/\/orallagos.pt\/fr\/modes-alternatifs-de-resolution-des-litiges\/","title":{"rendered":"Modes alternatifs de r\u00e9solution des litiges"},"content":{"rendered":"\t\t<div data-elementor-type=\"wp-page\" data-elementor-id=\"5100\" class=\"elementor elementor-5100 elementor-3572\" data-elementor-post-type=\"page\">\n\t\t\t\t<div class=\"elementor-element elementor-element-b31a0c5 e-flex e-con-boxed pxl-column-none pxl-row-scroll-none pxl-zoom-point-false pxl-section-overflow-visible pxl-section-fix-none pxl-full-content-with-space-none pxl-bg-color-none pxl-section-overlay-none e-con e-parent \" data-id=\"b31a0c5\" data-element_type=\"container\" data-e-type=\"container\">\t\t\t<div class=\"e-con-inner\">\r\n\t\t\t\t<div class=\"elementor-element elementor-element-652167f elementor-widget elementor-widget-spacer\" data-id=\"652167f\" data-element_type=\"widget\" data-e-type=\"widget\" data-widget_type=\"spacer.default\">\n\t\t\t\t\t\t\t<div class=\"elementor-spacer\">\n\t\t\t<div class=\"elementor-spacer-inner\"><\/div>\n\t\t<\/div>\n\t\t\t\t\t\t<\/div>\n\t\t\t\t<div class=\"elementor-element elementor-element-4ac028e elementor-widget elementor-widget-text-editor\" data-id=\"4ac028e\" data-element_type=\"widget\" data-e-type=\"widget\" data-widget_type=\"text-editor.default\">\n\t\t\t\t\t\t\t\t\t<header class=\"entry-header \"><header class=\"entry-header \"><h1 class=\"entry-title\">Modes alternatifs de r\u00e9solution des litiges<\/h1><\/header><div class=\"entry-content clear\"><p>Conform\u00e9ment aux dispositions de la loi n\u00b0 144\/2015 du 8 septembre, il est inform\u00e9 qu\u2019en cas de litige relatif \u00e0 la fourniture de biens, le consommateur (personne physique lorsqu\u2019elle agit \u00e0 des fins qui ne sont pas incluses dans le cadre de son activit\u00e9 commerciale, industrielle, artisanale ou professionnelle) peut recourir \u00e0 un organisme de r\u00e8glement alternatif des litiges.<\/p><div class=\"wp-block-spacer\" aria-hidden=\"true\"> <\/div><p>L\u2019autorit\u00e9 comp\u00e9tente \u00e0 cet effet est la suivante :<\/p><div class=\"wp-block-spacer\" aria-hidden=\"true\"> <\/div><figure class=\"wp-block-pullquote alignwide has-text-align-left\"><blockquote><p><strong>CIMAAL<\/strong><\/p><cite><br><br><strong>Adresse<\/strong><br>Nid d\u2019affaires, b\u00e2timent ANJE<br>Estrada da Penha, 3e \u00e9tage, salle 26<br>8000-131 Faro<br><br><strong>T\u00e9l\u00e9phone<\/strong><br>(+351) 289 823 135<br><br><strong>Messagerie \u00e9lectronique<\/strong><br>apoio@consumidoronline.pt<br><br><strong>Site Web<\/strong><br><em>www.consumidoronline.pt<\/em><\/cite><\/blockquote><\/figure><p>Plus d\u2019informations sur le Portail des consommateurs<br>www.consumidor.pt<\/p><\/div><\/header><div class=\"entry-content clear\"> <\/div>\t\t\t\t\t\t\t\t<\/div>\n\t\t\t\t<div class=\"elementor-element elementor-element-6f8d0af elementor-widget elementor-widget-spacer\" data-id=\"6f8d0af\" data-element_type=\"widget\" data-e-type=\"widget\" data-widget_type=\"spacer.default\">\n\t\t\t\t\t\t\t<div class=\"elementor-spacer\">\n\t\t\t<div class=\"elementor-spacer-inner\"><\/div>\n\t\t<\/div>\n\t\t\t\t\t\t<\/div>\n\t\t\t\t\t<\/div>\r\n\t\t\t\t<\/div>\r\n\t\t\t\t<\/div>\n\t\t","protected":false},"excerpt":{"rendered":"<p>Modes alternatifs de r\u00e9solution des litiges Conform\u00e9ment aux dispositions de la loi n\u00b0 144\/2015 du 8 septembre, il est inform\u00e9 qu\u2019en cas de litige relatif \u00e0 la fourniture de biens, le consommateur (personne physique lorsqu\u2019elle agit \u00e0 des fins qui ne sont pas incluses dans le cadre de son activit\u00e9 commerciale, industrielle, artisanale ou professionnelle) [&hellip;]<\/p>\n","protected":false},"author":2,"featured_media":0,"parent":0,"menu_order":0,"comment_status":"closed","ping_status":"closed","template":"","meta":{"footnotes":""},"class_list":["post-5100","page","type-page","status-publish","hentry"],"yoast_head":"<!-- This site is optimized with the Yoast SEO plugin v26.9 - https:\/\/yoast.com\/product\/yoast-seo-wordpress\/ -->\n<title>Modes alternatifs de r\u00e9solution des litiges - Orallagos<\/title>\n<meta name=\"robots\" content=\"index, follow, max-snippet:-1, max-image-preview:large, max-video-preview:-1\" \/>\n<link rel=\"canonical\" href=\"https:\/\/orallagos.pt\/resolucao-alternativa-de-litigios\/\" \/>\n<meta property=\"og:locale\" content=\"fr_FR\" \/>\n<meta property=\"og:type\" content=\"article\" \/>\n<meta property=\"og:title\" content=\"Modes alternatifs de r\u00e9solution des litiges - Orallagos\" \/>\n<meta property=\"og:description\" content=\"Modes alternatifs de r\u00e9solution des litiges Conform\u00e9ment aux dispositions de la loi n\u00b0 144\/2015 du 8 septembre, il est inform\u00e9 qu\u2019en cas de litige relatif \u00e0 la fourniture de biens, le consommateur (personne physique lorsqu\u2019elle agit \u00e0 des fins qui ne sont pas incluses dans le cadre de son activit\u00e9 commerciale, industrielle, artisanale ou professionnelle) [&hellip;]\" \/>\n<meta property=\"og:url\" content=\"https:\/\/orallagos.pt\/resolucao-alternativa-de-litigios\/\" \/>\n<meta property=\"og:site_name\" content=\"Orallagos\" \/>\n<meta property=\"article:publisher\" content=\"https:\/\/www.facebook.com\/orallagosclinica\" \/>\n<meta property=\"article:modified_time\" content=\"2025-11-05T14:36:41+00:00\" \/>\n<meta name=\"twitter:card\" content=\"summary_large_image\" \/>\n<meta name=\"twitter:label1\" content=\"Dur\u00e9e de lecture estim\u00e9e\" \/>\n\t<meta name=\"twitter:data1\" content=\"1 minute\" \/>\n<script type=\"application\/ld+json\" class=\"yoast-schema-graph\">{\"@context\":\"https:\/\/schema.org\",\"@graph\":[{\"@type\":\"WebPage\",\"@id\":\"https:\/\/orallagos.pt\/resolucao-alternativa-de-litigios\/\",\"url\":\"https:\/\/orallagos.pt\/resolucao-alternativa-de-litigios\/\",\"name\":\"Modes alternatifs de r\u00e9solution des litiges - Orallagos\",\"isPartOf\":{\"@id\":\"https:\/\/orallagos.pt\/#website\"},\"datePublished\":\"2025-10-16T00:12:18+00:00\",\"dateModified\":\"2025-11-05T14:36:41+00:00\",\"breadcrumb\":{\"@id\":\"https:\/\/orallagos.pt\/resolucao-alternativa-de-litigios\/#breadcrumb\"},\"inLanguage\":\"fr-FR\",\"potentialAction\":[{\"@type\":\"ReadAction\",\"target\":[\"https:\/\/orallagos.pt\/resolucao-alternativa-de-litigios\/\"]}]},{\"@type\":\"BreadcrumbList\",\"@id\":\"https:\/\/orallagos.pt\/resolucao-alternativa-de-litigios\/#breadcrumb\",\"itemListElement\":[{\"@type\":\"ListItem\",\"position\":1,\"name\":\"Home\",\"item\":\"https:\/\/orallagos.pt\/de\/\"},{\"@type\":\"ListItem\",\"position\":2,\"name\":\"Modes alternatifs de r\u00e9solution des litiges\"}]},{\"@type\":\"WebSite\",\"@id\":\"https:\/\/orallagos.pt\/#website\",\"url\":\"https:\/\/orallagos.pt\/\",\"name\":\"Orallagos\",\"description\":\"\",\"publisher\":{\"@id\":\"https:\/\/orallagos.pt\/#organization\"},\"potentialAction\":[{\"@type\":\"SearchAction\",\"target\":{\"@type\":\"EntryPoint\",\"urlTemplate\":\"https:\/\/orallagos.pt\/?s={search_term_string}\"},\"query-input\":{\"@type\":\"PropertyValueSpecification\",\"valueRequired\":true,\"valueName\":\"search_term_string\"}}],\"inLanguage\":\"fr-FR\"},{\"@type\":\"Organization\",\"@id\":\"https:\/\/orallagos.pt\/#organization\",\"name\":\"Orallagos\",\"url\":\"https:\/\/orallagos.pt\/\",\"logo\":{\"@type\":\"ImageObject\",\"inLanguage\":\"fr-FR\",\"@id\":\"https:\/\/orallagos.pt\/#\/schema\/logo\/image\/\",\"url\":\"https:\/\/orallagos.pt\/wp-content\/uploads\/2025\/08\/cropped-cropped-orallagos-logo-blue-.png\",\"contentUrl\":\"https:\/\/orallagos.pt\/wp-content\/uploads\/2025\/08\/cropped-cropped-orallagos-logo-blue-.png\",\"width\":229,\"height\":63,\"caption\":\"Orallagos\"},\"image\":{\"@id\":\"https:\/\/orallagos.pt\/#\/schema\/logo\/image\/\"},\"sameAs\":[\"https:\/\/www.facebook.com\/orallagosclinica\",\"https:\/\/www.instagram.com\/orallagosclinica\/\",\"https:\/\/www.linkedin.com\/company\/orallagos---centro-dent-rio-especializado\/about\/\"]}]}<\/script>\n<!-- \/ Yoast SEO plugin. -->","yoast_head_json":{"title":"Modes alternatifs de r\u00e9solution des litiges - Orallagos","robots":{"index":"index","follow":"follow","max-snippet":"max-snippet:-1","max-image-preview":"max-image-preview:large","max-video-preview":"max-video-preview:-1"},"canonical":"https:\/\/orallagos.pt\/resolucao-alternativa-de-litigios\/","og_locale":"fr_FR","og_type":"article","og_title":"Modes alternatifs de r\u00e9solution des litiges - Orallagos","og_description":"Modes alternatifs de r\u00e9solution des litiges Conform\u00e9ment aux dispositions de la loi n\u00b0 144\/2015 du 8 septembre, il est inform\u00e9 qu\u2019en cas de litige relatif \u00e0 la fourniture de biens, le consommateur (personne physique lorsqu\u2019elle agit \u00e0 des fins qui ne sont pas incluses dans le cadre de son activit\u00e9 commerciale, industrielle, artisanale ou professionnelle) [&hellip;]","og_url":"https:\/\/orallagos.pt\/resolucao-alternativa-de-litigios\/","og_site_name":"Orallagos","article_publisher":"https:\/\/www.facebook.com\/orallagosclinica","article_modified_time":"2025-11-05T14:36:41+00:00","twitter_card":"summary_large_image","twitter_misc":{"Dur\u00e9e de lecture estim\u00e9e":"1 minute"},"schema":{"@context":"https:\/\/schema.org","@graph":[{"@type":"WebPage","@id":"https:\/\/orallagos.pt\/resolucao-alternativa-de-litigios\/","url":"https:\/\/orallagos.pt\/resolucao-alternativa-de-litigios\/","name":"Modes alternatifs de r\u00e9solution des litiges - Orallagos","isPartOf":{"@id":"https:\/\/orallagos.pt\/#website"},"datePublished":"2025-10-16T00:12:18+00:00","dateModified":"2025-11-05T14:36:41+00:00","breadcrumb":{"@id":"https:\/\/orallagos.pt\/resolucao-alternativa-de-litigios\/#breadcrumb"},"inLanguage":"fr-FR","potentialAction":[{"@type":"ReadAction","target":["https:\/\/orallagos.pt\/resolucao-alternativa-de-litigios\/"]}]},{"@type":"BreadcrumbList","@id":"https:\/\/orallagos.pt\/resolucao-alternativa-de-litigios\/#breadcrumb","itemListElement":[{"@type":"ListItem","position":1,"name":"Home","item":"https:\/\/orallagos.pt\/de\/"},{"@type":"ListItem","position":2,"name":"Modes alternatifs de r\u00e9solution des litiges"}]},{"@type":"WebSite","@id":"https:\/\/orallagos.pt\/#website","url":"https:\/\/orallagos.pt\/","name":"Orallagos","description":"","publisher":{"@id":"https:\/\/orallagos.pt\/#organization"},"potentialAction":[{"@type":"SearchAction","target":{"@type":"EntryPoint","urlTemplate":"https:\/\/orallagos.pt\/?s={search_term_string}"},"query-input":{"@type":"PropertyValueSpecification","valueRequired":true,"valueName":"search_term_string"}}],"inLanguage":"fr-FR"},{"@type":"Organization","@id":"https:\/\/orallagos.pt\/#organization","name":"Orallagos","url":"https:\/\/orallagos.pt\/","logo":{"@type":"ImageObject","inLanguage":"fr-FR","@id":"https:\/\/orallagos.pt\/#\/schema\/logo\/image\/","url":"https:\/\/orallagos.pt\/wp-content\/uploads\/2025\/08\/cropped-cropped-orallagos-logo-blue-.png","contentUrl":"https:\/\/orallagos.pt\/wp-content\/uploads\/2025\/08\/cropped-cropped-orallagos-logo-blue-.png","width":229,"height":63,"caption":"Orallagos"},"image":{"@id":"https:\/\/orallagos.pt\/#\/schema\/logo\/image\/"},"sameAs":["https:\/\/www.facebook.com\/orallagosclinica","https:\/\/www.instagram.com\/orallagosclinica\/","https:\/\/www.linkedin.com\/company\/orallagos---centro-dent-rio-especializado\/about\/"]}]}},"_links":{"self":[{"href":"https:\/\/orallagos.pt\/fr\/wp-json\/wp\/v2\/pages\/5100","targetHints":{"allow":["GET"]}}],"collection":[{"href":"https:\/\/orallagos.pt\/fr\/wp-json\/wp\/v2\/pages"}],"about":[{"href":"https:\/\/orallagos.pt\/fr\/wp-json\/wp\/v2\/types\/page"}],"author":[{"embeddable":true,"href":"https:\/\/orallagos.pt\/fr\/wp-json\/wp\/v2\/users\/2"}],"replies":[{"embeddable":true,"href":"https:\/\/orallagos.pt\/fr\/wp-json\/wp\/v2\/comments?post=5100"}],"version-history":[{"count":1,"href":"https:\/\/orallagos.pt\/fr\/wp-json\/wp\/v2\/pages\/5100\/revisions"}],"predecessor-version":[{"id":5102,"href":"https:\/\/orallagos.pt\/fr\/wp-json\/wp\/v2\/pages\/5100\/revisions\/5102"}],"wp:attachment":[{"href":"https:\/\/orallagos.pt\/fr\/wp-json\/wp\/v2\/media?parent=5100"}],"curies":[{"name":"wp","href":"https:\/\/api.w.org\/{rel}","templated":true}]}}

Modes alternatifs de résolution des litiges

<div data-elementor-type="wp-page" data-elementor-id="5100" class="elementor elementor-5100 elementor-3572" data-elementor-post-type="page">
				<div class="elementor-element elementor-element-b31a0c5 e-flex e-con-boxed pxl-column-none pxl-row-scroll-none pxl-zoom-point-false pxl-section-overflow-visible pxl-section-fix-none pxl-full-content-with-space-none pxl-bg-color-none pxl-section-overlay-none e-con e-parent " data-id="b31a0c5" data-element_type="container" data-e-type="container">			<div class="e-con-inner">
				<div class="elementor-element elementor-element-652167f elementor-widget elementor-widget-spacer" data-id="652167f" data-element_type="widget" data-e-type="widget" data-widget_type="spacer.default">
							<div class="elementor-spacer">
			<div class="elementor-spacer-inner"></div>
		</div>
						</div>
				<div class="elementor-element elementor-element-4ac028e elementor-widget elementor-widget-text-editor" data-id="4ac028e" data-element_type="widget" data-e-type="widget" data-widget_type="text-editor.default">
									<header class="entry-header "><header class="entry-header "><h1 class="entry-title">Modes alternatifs de résolution des litiges</h1></header><div class="entry-content clear"><p>Conformément aux dispositions de la loi n° 144/2015 du 8 septembre, il est informé qu’en cas de litige relatif à la fourniture de biens, le consommateur (personne physique lorsqu’elle agit à des fins qui ne sont pas incluses dans le cadre de son activité commerciale, industrielle, artisanale ou professionnelle) peut recourir à un organisme de règlement alternatif des litiges.</p><div class="wp-block-spacer" aria-hidden="true"> </div><p>L’autorité compétente à cet effet est la suivante :</p><div class="wp-block-spacer" aria-hidden="true"> </div><figure class="wp-block-pullquote alignwide has-text-align-left"><blockquote><p><strong>CIMAAL</strong></p><cite><br><br><strong>Adresse</strong><br>Nid d’affaires, bâtiment ANJE<br>Estrada da Penha, 3e étage, salle 26<br>8000-131 Faro<br><br><strong>Téléphone</strong><br>(+351) 289 823 135<br><br><strong>Messagerie électronique</strong><br>apoio@consumidoronline.pt<br><br><strong>Site Web</strong><br><em>www.consumidoronline.pt</em></cite></blockquote></figure><p>Plus d’informations sur le Portail des consommateurs<br>www.consumidor.pt</p></div></header><div class="entry-content clear"> </div>								</div>
				<div class="elementor-element elementor-element-6f8d0af elementor-widget elementor-widget-spacer" data-id="6f8d0af" data-element_type="widget" data-e-type="widget" data-widget_type="spacer.default">
							<div class="elementor-spacer">
			<div class="elementor-spacer-inner"></div>
		</div>
						</div>
					</div>
				</div>
				</div>

<p>Modes alternatifs de résolution des litiges Conformément aux dispositions de la loi n° 144/2015 du 8 septembre, il est informé qu’en cas de litige relatif à la fourniture de biens, le consommateur (personne physique lorsqu’elle agit à des fins qui ne sont pas incluses dans le cadre de son activité commerciale, industrielle, artisanale ou professionnelle) [&hellip;]</p>

<!-- This site is optimized with the Yoast SEO plugin v26.9 - https://yoast.com/product/yoast-seo-wordpress/ -->
<title>Modes alternatifs de résolution des litiges - Orallagos</title>
<meta name="robots" content="index, follow, max-snippet:-1, max-image-preview:large, max-video-preview:-1" />
<link rel="canonical" href="https://orallagos.pt/resolucao-alternativa-de-litigios/" />
<meta property="og:locale" content="fr_FR" />
<meta property="og:type" content="article" />
<meta property="og:title" content="Modes alternatifs de résolution des litiges - Orallagos" />
<meta property="og:description" content="Modes alternatifs de résolution des litiges Conformément aux dispositions de la loi n° 144/2015 du 8 septembre, il est informé qu’en cas de litige relatif à la fourniture de biens, le consommateur (personne physique lorsqu’elle agit à des fins qui ne sont pas incluses dans le cadre de son activité commerciale, industrielle, artisanale ou professionnelle) [&hellip;]" />
<meta property="og:url" content="https://orallagos.pt/resolucao-alternativa-de-litigios/" />
<meta property="og:site_name" content="Orallagos" />
<meta property="article:publisher" content="https://www.facebook.com/orallagosclinica" />
<meta property="article:modified_time" content="2025-11-05T14:36:41+00:00" />
<meta name="twitter:card" content="summary_large_image" />
<meta name="twitter:label1" content="Durée de lecture estimée" />
	<meta name="twitter:data1" content="1 minute" />
<script type="application/ld+json" class="yoast-schema-graph">{"@context":"https://schema.org","@graph":[{"@type":"WebPage","@id":"https://orallagos.pt/resolucao-alternativa-de-litigios/","url":"https://orallagos.pt/resolucao-alternativa-de-litigios/","name":"Modes alternatifs de résolution des litiges - Orallagos","isPartOf":{"@id":"https://orallagos.pt/#website"},"datePublished":"2025-10-16T00:12:18+00:00","dateModified":"2025-11-05T14:36:41+00:00","breadcrumb":{"@id":"https://orallagos.pt/resolucao-alternativa-de-litigios/#breadcrumb"},"inLanguage":"fr-FR","potentialAction":[{"@type":"ReadAction","target":["https://orallagos.pt/resolucao-alternativa-de-litigios/"]}]},{"@type":"BreadcrumbList","@id":"https://orallagos.pt/resolucao-alternativa-de-litigios/#breadcrumb","itemListElement":[{"@type":"ListItem","position":1,"name":"Home","item":"https://orallagos.pt/de/"},{"@type":"ListItem","position":2,"name":"Modes alternatifs de résolution des litiges"}]},{"@type":"WebSite","@id":"https://orallagos.pt/#website","url":"https://orallagos.pt/","name":"Orallagos","description":"","publisher":{"@id":"https://orallagos.pt/#organization"},"potentialAction":[{"@type":"SearchAction","target":{"@type":"EntryPoint","urlTemplate":"https://orallagos.pt/?s={search_term_string}"},"query-input":{"@type":"PropertyValueSpecification","valueRequired":true,"valueName":"search_term_string"}}],"inLanguage":"fr-FR"},{"@type":"Organization","@id":"https://orallagos.pt/#organization","name":"Orallagos","url":"https://orallagos.pt/","logo":{"@type":"ImageObject","inLanguage":"fr-FR","@id":"https://orallagos.pt/#/schema/logo/image/","url":"https://orallagos.pt/wp-content/uploads/2025/08/cropped-cropped-orallagos-logo-blue-.png","contentUrl":"https://orallagos.pt/wp-content/uploads/2025/08/cropped-cropped-orallagos-logo-blue-.png","width":229,"height":63,"caption":"Orallagos"},"image":{"@id":"https://orallagos.pt/#/schema/logo/image/"},"sameAs":["https://www.facebook.com/orallagosclinica","https://www.instagram.com/orallagosclinica/","https://www.linkedin.com/company/orallagos---centro-dent-rio-especializado/about/"]}]}</script>
<!-- / Yoast SEO plugin. -->

Modes alternatifs de résolution des litiges - Orallagos

Modes alternatifs de résolution des litiges Conformément aux dispositions de la loi n° 144/2015 du 8 septembre, il est informé qu’en cas de litige relatif à la fourniture de biens, le consommateur (personne physique lorsqu’elle agit à des fins qui ne sont pas incluses dans le cadre de son activité commerciale, industrielle, artisanale ou professionnelle) [&hellip;]
